en 33 is divided by b.
16
Suppose -8*l + 35 = -5*l + 5*v, 0 = 3*l + 2*v - 32. Calculate the remainder when l is divided by 6.
4
Suppose 40*o = 39*o + 121. What is the remainder when o is divided by 61?
60
Let c be 3 + (4 + -4)*1. Suppose 0 = c*h + 3, 2*i + 3*h - 37 = -2*h. What is the remainder when 60 is divided by i?
18
Let n be 2 + (-64)/(-4) + -1. Suppose 3*r - v - 3*v = n, -r = 2*v + 1. Calculate the remainder when r is divided by 3.
0
Let j = 15 + -5. Let y(w) be the second derivative of w**4/12 + 2*w**3 - 59*w**2/2 - 4*w. What is the remainder when y(-17) is divided by j?
6
Let c = 15 + 17. Let t(j) = 5*j**2 + 3*j - 1. Let y be t(3). Suppose 3*q - 25 = 4*u, 0*q - u = -5*q + y. Calculate the remainder when c is divided by q.
10
What is the remainder when (-114785)/(-65) + (-16)/(-208) is divided by 61?
58
Let d(r) = 13*r + 296. Calculate the remainder when d(-15) is divided by 17.
16
Suppose -5*d = u - 129, 0 = -0*d - d - 3*u + 23. Suppose 0 = -4*q - 3*r + 320, q - 5*r - 57 = -0*r. Calculate the remainder when q is divided by d.
25
Calculate the remainder when 195 - (1 + (8 - 7)) is divided by 71.
51
Let o(i) = -16*i**2 + 59*i + 8. What is the remainder when 1390 is divided by o(3)?
37
Let v be (-94)/(-10) - 6/15. Let s = 8 - v. What is the remainder when 13 is divided by 9 - (-1 - (-1 + s))?
5
Let r = -238 + 243. What is the remainder when 30 is divided by r?
0
Let v = 116 + -78. Suppose 0 = -5*i, 2*i - 15 = 5*m - 85. Calculate the remainder when v is divided by m.
10
Suppose 9*b = 13*b - 28. Suppose 204 = b*k - 223. Calculate the remainder when 121 is divided by k.
60
Suppose 2*d - 6*w - 104 = -7*w, -d + 55 = -w. Suppose 4*x + 9 = d. What is the remainder when 72 is divided by x?
6
Suppose 5*y + 5*a = 25, 3*y = -4*a + 3 + 8. Calculate the remainder when 14 is divided by y.
5
Let y = 1005 + -892. What is the remainder when y is divided by 9?
5
Let r(c) = c**2 + 19*c + 38. Calculate the remainder when r(-20) is divided by 46.
12
Let t(h) = h + 1. Let l(o) = o + 15. Let a(g) = -l(g) + 2*t(g). Let i be a(12). What is the remainder when 20 is divided by (i/(-4))/((-3)/(-36))?
2
Suppose -2*y - 3*y - 300 = 0. Suppose 3*l - 318 = -3*c, -4*c + 389 = -10*l + 7*l. Let z = y + c. Calculate the remainder when z is divided by 22.
19
Suppose 5*w - 6*o = -3*o - 12, 2*w - 5*o = -20. Suppose 2*l - v = -w*v + 16, -3*l - 3*v = -24. Let s = 6 - 3. Calculate the remainder when l is divided by s.
2
Let w(o) be the first derivative of o**2/2 + 36*o + 17. What is the remainder when w(-13) is divided by 12?
11
Let u = 43 + -17. Let s be 760/180 + (-2)/9. Suppose -s*l - 40 = -2*w, -3*w - 4*l + 39 - 9 = 0. What is the remainder when u is divided by w?
12
Let w = -55 - -141. Calculate the remainder when w is divided by 33.
20
Suppose 3 = -10*c + 3. Suppose c = 2*r - 4*m - 2 - 2, 3*r = -2*m + 38. Suppose u + 5 = 34. Calculate the remainder when u is divided by r.
9
Let r(u) = -4*u + 172. What is the remainder when 53 is divided by r(31)?
5
Suppose 3*a - 8 = 13. Let o = 49 - a. What is the remainder when o is divided by 15?
12
Suppose 3*u + 3 - 18 = 0. Suppose 1142 = 5*b + w, u*b = 2*b - 3*w + 690. What is the remainder when b is divided by 21?
18
Let a(v) = -v**3 - 2*v**2 + v + 2. Let g be a(-2). Suppose 0 = -g*b + 14*b - 280. What is the remainder when 57 is divided by b?
17
Let j be 0/((1 - 0)/(-1)). Suppose 3*g + 0*g + 39 = j. Let w = g - -15. Calculate the remainder when w is divided by 2.
0
Let f = -50 - -36. Let w = 30 + f. Let v = 501 + -438. Calculate the remainder when v is divided by w.
15
Let i(j) = 3*j**2 + 13*j - 22. Calculate the remainder when 130 is divided by i(-8).
64
Let r(c) = -c**2 - 38*c - 203. Suppose -140 = -4*p + 132. What is the remainder when p is divided by r(-7)?
12
Let j(k) be the second derivative of k**3/6 - k**2 - 2*k. Let g be j(12). Suppose 0 = g*u - 7*u - 15. Calculate the remainder when 9 is divided by u.
4
Let f be -4 + 7 - (-21)/7. What is the remainder when (-733)/(-7) + 6/21 is divided by 2/f - (-1600)/60?
24
Suppose -59*q + 313 = -336. Suppose -5*u = -4*r + 4, -3*r - 6*u - 32 = -u. Let g(h) = -3*h - 6. What is the remainder when q is divided by g(r)?
5
Suppose f - 34 = -f. Let z = -4 - -8. Suppose -k = i - 62, 3*i - z*k - 39 = 175. What is the remainder when i is divided by f?
15
Suppose h + q = -2*h + 24, 0 = -2*q - 6. Calculate the remainder when (-12*-2*1)/1 is divided by h.
6
Suppose f = 2*f - 6. Let m be 2/(-14)*1 + 738/21. Suppose m - 91 = -4*d. What is the remainder when d is divided by f?
2
Let m(j) = 2*j**2 + 43*j + 16. Suppose 4*r - 5*g - 100 = 0, 5*r = -3*g - g + 84. Calculate the remainder when m(-22) is divided by r.
18
Let u(q) = q**2 - 9*q + 9. Let y(z) = -5*z**2 + 46*z - 46. Let s(d) = -11*u(d) - 2*y(d). Calculate the remainder when s(3) is divided by 4.
1
What is the remainder when 219 is divided by 11271/306 - 2/(-12)?
34
Let q = 34 + 20. Calculate the remainder when 215 is divided by q.
53
Let l = -227 + 240. Calculate the remainder when 24 is divided by l.
11
Suppose -2*w = -20 + 14. Suppose p + 3*p - 6 = -2*r, -23 = -w*r + p. What is the remainder when 12 is divided by r?
5
Suppose -5*r - 963 = -3*p, -3*p = 3*r - 1047 + 60. What is the remainder when p is divided by 33?
29
Let b be 202/(-12) - 6/36. Let u = -3 - b. Suppose 41 = 5*m - u. Calculate the remainder when 20 is divided by m.
9
Let s be 1/(1 + 246/(-249)). Suppose -5*x + 92 = -s. What is the remainder when x is divided by 6?
5
Suppose 0 = 10*s - 186 - 184. Calculate the remainder when 142 is divided by s.
31
Let l be 10 - (-3 - -3 - 0). Let x = -3 + l. What is the remainder when 19 is divided by x?
5
Let x(i) = -i**2 - 8*i - 4. Suppose 2*u = 3*j - 105, -5*u = -2*j - 3*u + 72. Let a = j + 5. What is the remainder when a is divided by x(-6)?
6
Let y(l) = 2*l + 5*l**2 - 180*l**3 + 7*l**2 + 179*l**3 - 16. Calculate the remainder when 37 is divided by y(12).
5
Let l = 8 + -8. Suppose l = -2*n - 2*n + 16. Let o(s) = s**2 - 2*s + 5. What is the remainder when 51 is divided by o(n)?
12
Let w(a) = -a**2 - 14*a + 12. Let h be w(-14). Suppose -2*n = 2*n - h. What is the remainder when 8 is divided by n?
2
Let q(g) = 0 + g**2 - 5 + 3 + 14*g**3 - 31*g**3. What is the remainder when 88 is divided by q(-1)?
8
Let k(s) = s**3 - 12*s**2 + 7*s + 26. Let n be k(12). Let p = n - 66. Calculate the remainder when p is divided by 16.
12
Calculate the remainder when (10/3)/((-62)/(-279)) is divided by 8.
7
Let n = -8 - -18. Let t be 256/n - (-10)/25. Calculate the remainder when (-28)/(-8)*t/1 is divided by 23.
22
What is the remainder when (6/(-7))/((50/(-2555))/10) is divided by 44?
42
Let t be 48/(-80) + (-28)/(-5). Suppose -3*w - 4*l + 21 = 0, -21 = -t*w + w - 3*l. Let y = w - -68. Calculate the remainder when y is divided by 18.
17
Suppose -5*a + 118 = -72. What is the remainder when a is divided by (-5)/((1 - -6)/(-28))?
18
Let b = -2 - -5. Suppose b*g - 42 = 42. Suppose 5*o + 19*x - 21*x - 270 = 0, 2*x = 0. What is the remainder when o is divided by g?
26
Let f(l) = 2*l**3 - 9*l**2 + 10*l + 9. Let a(j) = -j**2 + j + 1. Let r(k) = -6*a(k) + f(k). What is the remainder when r(6) is divided by 44?
43
Let a(y) = 2*y**2 + 16*y - 44. Calculate the remainder when a(-14) is divided by 25.
24
Let f = 1253 + -716. What is the remainder when f is divided by 60?
57
Let s(c) = -c**3 - 9*c**2 + 4*c + 59. Calculate the remainder when 86 is divided by s(-9).
17
Suppose 0 = 11*z - 31 - 167. Suppose -s = -0*s - z. Calculate the remainder when 122 is divided by s.
14
Let t be 1/2*(8 - 12). Let c = -51 - t. Let g = 10 - c. What is the remainder when g is divided by 15?
14
Suppose 0 = -4*d + 27 - 11. Suppose -126 = -5*f + o, -f + 21 = -0*f + d*o. What is the remainder when f is divided by (2/3)/(4/42)?
4
Let j = -279 + 510. Calculate the remainder when j is divided by 47.
43
Suppose 45 + 29 = x. Let a = x + -68. Calculate the remainder when 29 is divided by a.
5
Suppose -1 = v - z - 7, -3*v - z = -6. Suppose 37 = 2*w - v*u, w - 2*u = 2*u + 21. Suppose 8 = p - w. Calculate the remainder when p is divided by 9.
7
Suppose -4*w + 3*w + 3*m = -3, 4*w - 4*m - 44 = 0. What is the remainder when 38 is divided by w?
8
Let i be 3 + (-4)/8*-2. Let t be 1/((0 - i)/(-12)). Calculate the re